32. What is the tens digit of c?
9
Suppose 0 = -o + 3*r - 2*r + 5, 5*o + 5*r = 65. Suppose -2*i = o*i - 308. What is the tens digit of i?
2
Let w be 2 + (0 + 0 - 1). Let f = w - 6. What is the units digit of 8/20*-1*f?
2
Suppose 5*f - 4*q = 10076, f - 3*q - 1524 = 489. What is the thousands digit of f?
2
Let y = 7 + -7. Suppose y = 5*p - p + 32. Let t = p - -13. What is the units digit of t?
5
Let w be (2 - -2)/((-6)/(-33)). Let y be 8/(-44) + 4/w. Suppose -u - 6 + 10 = y. What is the units digit of u?
4
Suppose 4*x + 12*a - 13*a = 60, -4*a = 0. Suppose 0*v + 1515 = x*v. What is the units digit of v?
1
Suppose 0 = -4*f - 5*z + 133, -3*f + 5*z = 2*z - 93. Suppose f - 402 = -5*k. What is the tens digit of k?
7
Let r = -15 - -1701. What is the hundreds digit of r?
6
Suppose -4*m - 5*v = 7, -5*v + 59 - 2 = -4*m. Let f = m + 13. Suppose f*l - 19 - 1 = 0. What is the units digit of l?
4
Suppose 2*n - 6*n + 20 = 0. Suppose -158 = -n*z + a, -3*z + 59 = -3*a - 31. What is the units digit of z?
2
Let o(p) = p**3 - p**2 + p - 7. Let v be o(0). Let m = v - -14. What is the units digit of m?
7
Suppose 54*g + 9450 = 64*g. What is the hundreds digit of g?
9
Let m be 1270/8*(1 - -3). Suppose 5*o - m + 165 = 0. What is the units digit of o?
4
Let f(x) = x**2 + 39*x + 243. What is the units digit of f(-42)?
9
What is the hundreds digit of 3*(5 + (-21040)/(-30))?
1
Suppose -7*h = -1091 - 2794. Suppose -4*z + h = -313. What is the tens digit of z?
1
Suppose 0 = -4*n - n. Suppose n = -9*u + 6*u - 123. Let a = 79 + u. What is the tens digit of a?
3
Suppose 0 = -p + 8 - 8. Suppose 6*n - 2*n - 420 = p. What is the tens digit of n?
0
What is the tens digit of (22661/(-34))/((-1)/2) - -7?
4
Let n(h) = 6*h**2 - 16*h + 15. Let c be n(6). Let s = c - 63. What is the units digit of s?
2
Suppose -4*g = g + 125. Let c = 65 + g. Suppose -3*n - p = 1 - 9, 0 = -5*n + 5*p + c. What is the units digit of n?
4
Suppose m - 2*m = 0. Suppose 0 = s - 7 - m. Let h = 0 + s. What is the units digit of h?
7
Let h = -378 - -746. Suppose c + h = 3*c - 4*v, 3*v + 185 = c. What is the tens digit of c?
8
Suppose 14*i = 13*i - a + 4007, -3*a = -5*i + 20075. What is the thousands digit of i?
4
Let n be (-4)/5*425/10. Let s = -22 + 4. Let c = s - n. What is the tens digit of c?
1
Let z(y) = y**2 + 71*y - 353. What is the hundreds digit of z(25)?
0
What is the hundreds digit of -1 + (11*24 - -7) + 1?
2
Let n = 10 + -4. Suppose -n*d + 439 = -47. What is the units digit of d?
1
Let v = 4755 + -3016. What is the tens digit of v?
3
Let f = 2 + 1. Let i = 9 + f. What is the units digit of i?
2
Let v(j) = j**2 + 15*j + 130. What is the units digit of v(-24)?
6
Let y = 959 - 723. What is the hundreds digit of y?
2
Let m be (-28)/(-6) + 16/(-24). Suppose j = m*j - 57. What is the units digit of j?
9
Let m(o) = 3*o + 7. Let a be m(5). Suppose -3*q - 4*d + 14 - 3 = 0, -2*q - 3*d = -8. What is the units digit of a - q - (-4 - -1)?
4
Let m = 18 - 54. What is the units digit of 5/(-2)*m/10?
9
Let s be (33/4)/(27/72). Suppose z - s - 12 = 0. What is the units digit of z?
4
Let z = 1010 + -482. What is the tens digit of z?
2
Let o = 11 - -8. Suppose 4*z - 5*p = 197, 143 = 3*z + p + o. What is the tens digit of z?
4
Suppose 0 = -191*l + 192*l - 337. What is the units digit of l?
7
Suppose 0*p = 3*p. Suppose 2*d + 5*n = 3*d - 17, d - n - 5 = p. Suppose -22 - 56 = -d*c. What is the tens digit of c?
3
Suppose 30 = 5*z - 4*r, 0 = z - 0*z + r - 6. Suppose -z*u = -2*p - 3*u + 19, 0 = 5*p + 2*u. Suppose 0 = -p*m + 33 + 23. What is the tens digit of m?
2
Suppose 5*d + 4*a = 284, -3*d - 3*a + 168 = -0*d. Let h = -34 + d. What is the tens digit of h?
2
Let o be (1240/(-2))/((-1)/1) - 0. Let p = o - 421. What is the hundreds digit of p?
1
Let h be (-13)/26 + (-10)/(-4). Suppose -5*u - 2*w = -13, 8 = 4*u - w + h*w. Suppose 0 = -t + 2 - u. What is the units digit of t?
1
Let a(u) = -52*u + 228. What is the hundreds digit of a(-9)?
6
Suppose -3*j + 302 + 37 = 4*o, 2*j = -2*o + 228. Suppose 4*v + 4*t = -320, 3*v + t + 388 = -2*v. Let s = j + v. What is the tens digit of s?
4
Let t be 0 + 188 + -1 + -1. Let y(p) = -2*p - 169. Let v be y(-21). Let w = t + v. What is the tens digit of w?
5
Suppose 5*p = 20, -5*a + p = -4*a - 1767. What is the units digit of a?
1
Let w(f) = -f + 6. Let j be w(3). Suppose 4*p + 5*s - s = -12, 3*p - s = j. Suppose 4 = y - 3*k + 1, p = 2*y + 4*k - 16. What is the units digit of y?
6
Suppose 74*s = 68*s + 4032. What is the hundreds digit of s?
6
Suppose 4 = -2*j, 0*q - 4*q - j + 2 = 0. Let f be 73 - q - (-4 + 4). Suppose m - 5*m + f = 0. What is the units digit of m?
8
Suppose 0*c = 4*c - 184. Let s = -26 + c. What is the units digit of s/((-3 + 7)/4)?
0
Let t be ((-448)/(-6))/(-4) - (-6)/9. Let o = t - -96. What is the tens digit of o?
7
Suppose 4*g = 5*c + 10, -5*c - g + 35 = 4*g. Let n(p) = -8 + 2*p - 4*p**2 - p**2 + p**3 + 13*p**c. What is the tens digit of n(-7)?
2
What is the tens digit of ((-6)/(-15))/(-5*(-4)/3200)?
6
Suppose -2*f + 1785 = 3*z, 3*z - 763 = -4*f + 2822. What is the tens digit of f?
0
Let g(s) = s**3 - 5*s**2 + 7*s - 9. Let z be g(4). Suppose 4*c + 2*m = -176 + 1020, 2*c = z*m + 406. What is the hundreds digit of c?
2
Let v(p) = -p + 7. Let w be v(7). What is the units digit of 0 - w - (-205)/5?
1
Suppose 497 = 5*h + z, -h + 3 = 4*z - 104. Let t = 169 - h. What is the units digit of t?
0
Let d(h) = h. Let j(s) = -s - 11. Let z(f) = -3*d(f) - j(f). What is the tens digit of z(-6)?
2
Suppose -4*i + 11*w = 16*w - 4777, w - 5 = 0. What is the thousands digit of i?
1
Let r(m) = -4*m**3 - 3*m + 6. Let p(j) = j**3 + j. Let s(q) = -5*p(q) - r(q). Let h(b) = -b**2 - 3*b + 7. Let c be h(-5). What is the tens digit of s(c)?
2
Let y(t) = -t**3 + 24*t**2 + 6*t + 17. Let x be y(24). Let b(f) = 6*f**2 - 1. Let h be b(2). Suppose -x = -4*r + h. What is the tens digit of r?
4
Suppose o = -4*v + 24 + 12, -v = -3. Suppose -o*d + 16*d + 1272 = 0. What is the units digit of d?
9
Suppose -3*s + 29 + 1367 = -5*b, 5*b = 2*s - 924. What is the tens digit of s?
7
Let u be (4 + 5)*(-1)/1. Let w be (-29)/(-9) + 2/u. Suppose -n + 114 = -0*x + 4*x, -x - w*n + 34 = 0. What is the tens digit of x?
2
Let q = 72 - 106. Suppose -3*l - 166 = 4*g + 42, -4*g = -5*l - 336. Let z = q - l. What is the tens digit of z?
3
Let l be -1*(5/1 + -5). Suppose -3*r - 21 + 243 = l. What is the units digit of r?
4
Suppose -3 = -p - g - 1, -5*g + 10 = 4*p. Suppose p*t + t = 11. Suppose -4*r + 13 = -t. What is the units digit of r?
6
Let z = -58 + -38. Let f = -57 - z. Let w = f - 34. What is the units digit of w?
5
Let u(z) = -2*z**3 - 7*z**2 - 2*z - 6. Let a be 38/(-8) - 3/12 - 2. What is the tens digit of u(a)?
5
Let c be 4/((-7)/((-13916)/8)). Let j = c + -1459. What is the tens digit of j/(-12) - 6/8?
3
Let l = 6 + -7. Let d be (-2 - -4)*(-2)/4. What is the units digit of l/(1 + -1 + d)?
1
Let v(h) = -h**2 - 13*h - 12. Let x be v(-12). Suppose -8*m - 4*m + 276 = x. What is the units digit of m?
3
Let p = 209 - 467. Let x = 413 + p. What is the units digit of x?
5
Let m(d) = -d**3 + 8*d**2 - 6*d - 2. Let q be m(7). Suppose k + 4 = q. Let n = 54 - k. What is the units digit of n?
3
Suppose t - 22 = 3*s, -3*t - 5 = 3*s + 1. Let l be 9*(994/s)/(-7). Suppose 5*r = 8*r - l. What is the units digit of r?
1
Suppose 3*a + 8*t = 3*t + 1096, 0 = 2*a - 5*t - 764. What is the tens digit of a?
7
Let b(q) = q**3 + q + 1. Let f(p) = 2*p**3 + 4*p**2 + 3. Let u(h) = 3*b(h) - f(h). Let g be u(7). Suppose 3*t + 18 = g. What is the units digit of t?
0
Let i = 22 - 23. What is the tens digit of i/(0 + 2/(-62))?
3
Suppose -3*u = -221 - 175. Suppose -4*b = -4*n - u, b = 6*b - 3*n - 175. What is the tens digit of b?
3
Let d(p) = -p**3 - 4*p**2 - 5*p - 4. Let b be d(-3). Let v be (-4)/(6/3) + b. Suppose v = -5*g + 4 + 6. What is the units digit of g?
2
Let k be (-12)/(-21) - (-2 + (-94)/7). What is the tens digit of -4*(-4)/k*-2 - -71?
6
Let k(r) = -136*r**3 - r**2 - r - 7. What is the hundreds digit of k(-2)?
0
Let q be (-3)/2*98/(-21). Suppose -3*h = 2 + q. What is the units digit of (-6)/h + (-1 - -70)?
1
Let r(u) = 19*u - 108. What is the units digit of r(20)?
2
Let d = 5 - 0. Suppose 0 = 2*m + 4*r + r - 1, 5*r + 35 = -d*m. What is the units di